{"id":26379,"date":"2025-12-04T14:41:58","date_gmt":"2025-12-04T13:41:58","guid":{"rendered":"https:\/\/www.hotroastedlove.de\/hrl\/?post_type=product&#038;p=26379"},"modified":"2026-04-22T18:08:59","modified_gmt":"2026-04-22T16:08:59","slug":"timemore-chestnut-c5-esp-pro","status":"publish","type":"product","link":"https:\/\/www.hotroastedlove.de\/hrl\/produkt\/timemore-chestnut-c5-esp-pro\/","title":{"rendered":"TIMEMORE CHESTNUT C5 ESP PRO"},"content":{"rendered":"<p>[spb_column width=&#8220;3\/4&#8243; el_position=&#8220;first last&#8220;] [spb_text_block pb_margin_bottom=&#8220;no&#8220; pb_border_bottom=&#8220;no&#8220; width=&#8220;1\/1&#8243; el_position=&#8220;first last&#8220;]\n<p><strong><span style=\"font-size: 14pt;\">TIMEMORE CHESTNUT C5 ESP PRO S2C mit klappbarer Kurbel<\/span><\/strong><\/p>\n<p>In der eleganten mattschwarzen Verpackung von Timemore befindet sich eine wertige Handm\u00fchle mit gut verarbeiteten und doppelt gelagertem Edelstahl-Mahlwerk. Durch die geriffelt strukturierte Alumininium-Oberfl\u00e4che liegt die M\u00fchle gut in der Hand. Kurbel und Deckel bilden eine Einheit und sind abnehmbar. Au\u00dferdem wurde sie mit einer klappbaren Kurbel ausgestattet.<br \/>\nDas konische S2C-042-III-Mahlwerk mit einem Durchmesser von 42mm besteht CNC-gefr\u00e4stem Edelstahl.<br \/>\nDie M\u00fchle ist mit 50 Stufen manuell einstellbar. Die ESP-Einstellung ist feiner und die Einstellscheibe pr\u00e4ziser, was sich besonders f\u00fcr die Espressozubereitung eignet.<\/p>\n<p>Dar\u00fcber hinaus ist das kompakte Geh\u00e4use mit 53 mm Durchmesser auch f\u00fcr kleine H\u00e4nde leicht zu greifen.<\/p>\n<p>Der verbesserte Klappgriff der Kaffeem\u00fchle und ein verh\u00e4ltnism\u00e4\u00dfig geringes Gewicht ist perfekt f\u00fcr den Transport unterwegs.<\/p>\n<p>Die C5 ESP PRO von Timemore ist besonders f\u00fcr die Zubereitung von Espresso und alle Arten des Pour-Overs und f\u00fcr die AeroPress Zubereitung sehr zu empfehlen.<\/p>\n<p><strong>Inklusive:<\/strong><br \/>\n&#8211; M\u00fchle<br \/>\n&#8211; Pinsel<br \/>\n&#8211; Gebrauchsanweisung<\/p>\n[\/spb_text_block] [\/spb_column]<\/p>\n","protected":false},"excerpt":{"rendered":"<p>[spb_column width=&#8220;2\/3&#8243; el_position=&#8220;first last&#8220;] [spb_text_block pb_margin_bottom=&#8220;no&#8220; pb_border_bottom=&#8220;no&#8220; width=&#8220;1\/1&#8243; el_position=&#8220;first last&#8220;]<\/p>\n<h3><strong><span style=\"font-size: 14pt;\">CHEMEX KAFFEEZUBEREITER BIS 8 TASSEN<\/span><\/strong><\/h3>\n<p>Die Chemex Karaffe f\u00fcr 8 Tassen Kaffee ist nicht nur Filterkaffeezubereiter, sondern zugleich auch Dekantiergef\u00e4\u00df. Entwickelt von Dr. Peter J. Schlumbohm, wie sich ein wenig an der Form erkennen l\u00e4sst: Chemiker und Kaffeeliebhaber, wurde die CHEMEX vielfach mit Designpreisen ausgezeichnet und beschert der Chemex einen dauerhaften Platz in der Ausstellung des Museum of Modern Art in New York und eine Einreihung in die Top 100 Designprodukte der Moderne.<\/p>\n<p>Die CHEMEX ist daf\u00fcr bekannt, bei der Kaffeezubereitung einengut\u00a0 ausbalancierter und weniger fruchtbetonten Geschmack zu filtrieren (als z.B. der Hario V60 Filter).\u00a0 Ist der Kaffee fertig gebr\u00fcht, muss nur der Filter entnommen werden und der Kaffee ist in der Kanne servierbereit. Durch den w\u00e4rme-isolierenden Holzgriff kann die Karaffe bequem angefasst werden und die funktional geformte Ausgussrinne erleichtert das Ausschenken. Das hitzebest\u00e4ndige Borosilikatglas ist dickwandig und sp\u00fclmaschinengeeignet, wenn man die Holzmanschette und die Lederschnur vor dem Sp\u00fclgang abnimmt.<\/p>\n<p>Die 8 Tassen Karaffe fasst 1,18L und hat eine H\u00f6he von ca. 23cm.<\/p>\n<p><strong>Zusatztipp: <\/strong>Die CHEMEX eigent sich auch hervorragend zur Zubereitung von Japanese Ice Brew. Hierbei wird Kaffee genau wie bei \u00fcblicher Zubereitung mit hei\u00dfem Wasser gebr\u00fcht. Allerdings wird die Wassermenge bei der Zubereitung in 50% Wasser und 50% Eis aufteilt. Der gefilterte hei\u00dfe Kaffee tropft direkt auf Eis. Das hei\u00dfe Wasser extrahiert den vollen Kaffeegeschmack, welcher dann durch das Eis sofort wieder abgek\u00fchlt wird. Durch das schnelle Abk\u00fchlen werden Bitterstoffe reduziert und und fruchtige Aromen betont.<\/p>\n<p>[\/spb_text_block] [\/spb_column]<\/p>\n","protected":false},"featured_media":26380,"template":"","meta":[],"product_cat":[194],"product_tag":[975,633,634,493,243,889,629],"_links":{"self":[{"href":"https:\/\/www.hotroastedlove.de\/hrl\/wp-json\/wp\/v2\/product\/26379"}],"collection":[{"href":"https:\/\/www.hotroastedlove.de\/hrl\/wp-json\/wp\/v2\/product"}],"about":[{"href":"https:\/\/www.hotroastedlove.de\/hrl\/wp-json\/wp\/v2\/types\/product"}],"wp:featuredmedia":[{"embeddable":true,"href":"https:\/\/www.hotroastedlove.de\/hrl\/wp-json\/wp\/v2\/media\/26380"}],"wp:attachment":[{"href":"https:\/\/www.hotroastedlove.de\/hrl\/wp-json\/wp\/v2\/media?parent=26379"}],"wp:term":[{"taxonomy":"product_cat","embeddable":true,"href":"https:\/\/www.hotroastedlove.de\/hrl\/wp-json\/wp\/v2\/product_cat?post=26379"},{"taxonomy":"product_tag","embeddable":true,"href":"https:\/\/www.hotroastedlove.de\/hrl\/wp-json\/wp\/v2\/product_tag?post=26379"}],"curies":[{"name":"wp","href":"https:\/\/api.w.org\/{rel}","templated":true}]}}