{"id":25391,"date":"2024-12-10T18:08:30","date_gmt":"2024-12-10T17:08:30","guid":{"rendered":"https:\/\/www.hotroastedlove.de\/hrl\/?post_type=product&#038;p=25391"},"modified":"2026-01-01T00:00:06","modified_gmt":"2025-12-31T23:00:06","slug":"timemore-sculptor-064-electric-grinder","status":"publish","type":"product","link":"https:\/\/www.hotroastedlove.de\/hrl\/produkt\/timemore-sculptor-064-electric-grinder\/","title":{"rendered":"TIMEMORE SCULPTOR 064 ELECTRIC GRINDER"},"content":{"rendered":"<p>[spb_column width=&#8220;1\/1&#8243; el_position=&#8220;first last&#8220;] [spb_text_block pb_margin_bottom=&#8220;no&#8220; pb_border_bottom=&#8220;no&#8220; width=&#8220;3\/4&#8243; el_position=&#8220;first last&#8220;]\n<p><strong><span style=\"font-size: 14pt;\">TIMEMORE SCULPTOR 064 ELECTRIC GRINDER<\/span><\/strong><\/p>\n<p><strong>Erstklassige Mahlergebnisse ohne Totraum!<\/strong><br \/>\nDie elektrische Kaffeem\u00fchle von Timemore ist perfekt geeignet f\u00fcr Filterkaffee, French Press oder auch Syphon-Kaffee.<br \/>\nEin kleines Arbeitstier, dass zudem durch ihr modernes, schlankes, minimalistisches und funktionelles Design besticht.<\/p>\n<p>Die Sculptor 064 ist die kleine Schwester der gro\u00dfen 078 und bietet mit ihren 64er Mahlscheiben und 32 Mahlgradeinstellungen sehr gleichm\u00e4\u00dfige Ergebnisse in der Partikelverteilung.<\/p>\n<p>Eine innovative Geschwindigkeitseinstellung erm\u00f6glicht es Ihnen, die Rotationsgeschwindigkeit der M\u00fchle anzupassen. Mit dem Einstellrad an der R\u00fcckseite k\u00f6nnen Sie zwischen 800 und 1.200 U\/min w\u00e4hlen, um das ideale Mahlergebnis f\u00fcr Ihren Kaffee zu erzielen.<\/p>\n<p>Neben ihrer herausragenden Leistung \u00fcberzeugt die Timemore Sculptor 64 auch durch durchdachte Details. Ein patentierter Drehklopfer sorgt daf\u00fcr, dass Mahlr\u00fcckst\u00e4nde effizient entfernt werden, w\u00e4hrend der magnetische Auffangbeh\u00e4lter und der magnetische Deckel f\u00fcr den Bohnenbeh\u00e4lter die Bedienung noch komfortabler gestalten.<\/p>\n<p>Die Single-Dosing-M\u00fchle Timemore Scultor 064 bietet eine hervorragende Verarbeitung und Pr\u00e4zision, verbunden mit hoher Benutzerfreundlichkeit. Next-Level-Shit!<br \/>\nUnd leise, nahezu fl\u00fcsterleise ist sie auch. Oh ja.<\/p>\n<p>Suchst Du tendenziell eher eine M\u00fchle die vor allem Espresso mahlen kann, dann schau Dir gerne die <a href=\"https:\/\/www.hotroastedlove.de\/hrl\/produkt\/timemore-sculptor-064s-electric-grinder\/\">Timemore 064s<\/a> an.<\/p>\n<a class=\"sf-button standard accent standard \" href=\"https:\/\/cdn.shopify.com\/s\/files\/1\/0665\/4971\/1095\/files\/064_064S_MANUAL.pdf\" target=\"_blank\"><span class=\"text\">Bedienungsanleitung<\/span><\/a>\n<p><strong>Features<\/strong><br \/>\nTimemore Sculptor 064<br \/>\n64 mm-Scheibenmahlwerk aus Edelstahl<br \/>\n32 Mahlgradeinstellungen<br \/>\nGeeignet f\u00fcr Pour-over, French Press und Syphon<br \/>\nKapazit\u00e4t Bohnenbeh\u00e4lter: 30g<br \/>\nMotor: 150 W<br \/>\nBesonderheiten: Geschwindigkeitseinstellung, magnetischer Auffangbeh\u00e4lter, magnetischer Deckel f\u00fcr Bohnenbeh\u00e4lter, patentierter Drehklopfer, patentierte Mahlscheiben<br \/>\nGeh\u00e4use: Aluminiumlegierung<br \/>\nLieferumfang: Timemore Sculptor 064, Mahlgut- und Bohnenbeh\u00e4lter, Reinigungsb\u00fcrste, Blasebalg, Stromkabel, Bedienungsanleitung<\/p>\n[\/spb_text_block] [\/spb_column]<\/p>\n","protected":false},"excerpt":{"rendered":"<p>[spb_column width=&#8220;1\/2&#8243; el_position=&#8220;first&#8220;] [spb_text_block pb_margin_bottom=&#8220;no&#8220; pb_border_bottom=&#8220;no&#8220; width=&#8220;1\/1&#8243; el_position=&#8220;first last&#8220;]<\/p>\n<p><strong><span style=\"font-size: 14pt;\">Fellow Stagg Pour Over Black Kettle<br \/>\n<\/span><\/strong><\/p>\n<p>Formsch\u00f6n, mattschwarz und mit zwei richtig coolen Features kommt der Stagg Hei\u00dfwassserbereiter von Fellow daher.<\/p>\n<p>Mit einem Thermometer im Deckel zeigt er dir an, wann das Wasser die richtige Temperatur f\u00fcr die Kaffeezubereitung erreicht hat.<br \/>\nZudem hat der Kessel ein zus\u00e4tzliches Gewicht im Griff versteckt und bietet so eine bessere Balance &#8211; super geeignet zum langsamen und gleichm\u00e4\u00dfigen gie\u00dfen.<\/p>\n<p>Der Fellow Stagg Kettle ist noch nicht so lange am Markt, hat aber in der Spezialt\u00e4tenkaffee-Szene schon eine breite Fangemeinde.<\/p>\n<p><a title=\"Instructions and Safety Guide\" href=\"http:\/\/fellowproducts.com\/wp-content\/uploads\/2016\/08\/NOTFORPRINTStagg1.3_Warnings_OLV6.pdf\" target=\"_blank\" rel=\"noopener noreferrer\">Instructions and Safety Guide<\/a><a title=\"Youtube Video Baratza Encore vs. Baratza Virtuoso\" href=\"http:\/\/youtu.be\/UnuVTLzjzmg\" target=\"_blank\" rel=\"noopener noreferrer\"><br \/>\n<\/a><\/p>\n<p>[\/spb_text_block] [\/spb_column] [spb_column width=&#8220;1\/2&#8243; el_position=&#8220;last&#8220;] [blank_spacer height=&#8220;30px&#8220; width=&#8220;1\/1&#8243; el_position=&#8220;first last&#8220;] [spb_video link=&#8220;https:\/\/youtu.be\/bjuIvcfNK-c?t=1m46s&#8220; full_width=&#8220;no&#8220; width=&#8220;1\/1&#8243; el_position=&#8220;first last&#8220;] [spb_text_block pb_margin_bottom=&#8220;no&#8220; pb_border_bottom=&#8220;no&#8220; width=&#8220;1\/1&#8243; el_position=&#8220;first last&#8220;]<\/p>\n<p>Video credits to <em>Eight Ounce Coffee<\/em><\/p>\n<p>[\/spb_text_block] [\/spb_column]<\/p>\n","protected":false},"featured_media":24614,"template":"","meta":[],"product_cat":[194],"product_tag":[931,781,905,255,906,629],"_links":{"self":[{"href":"https:\/\/www.hotroastedlove.de\/hrl\/wp-json\/wp\/v2\/product\/25391"}],"collection":[{"href":"https:\/\/www.hotroastedlove.de\/hrl\/wp-json\/wp\/v2\/product"}],"about":[{"href":"https:\/\/www.hotroastedlove.de\/hrl\/wp-json\/wp\/v2\/types\/product"}],"wp:featuredmedia":[{"embeddable":true,"href":"https:\/\/www.hotroastedlove.de\/hrl\/wp-json\/wp\/v2\/media\/24614"}],"wp:attachment":[{"href":"https:\/\/www.hotroastedlove.de\/hrl\/wp-json\/wp\/v2\/media?parent=25391"}],"wp:term":[{"taxonomy":"product_cat","embeddable":true,"href":"https:\/\/www.hotroastedlove.de\/hrl\/wp-json\/wp\/v2\/product_cat?post=25391"},{"taxonomy":"product_tag","embeddable":true,"href":"https:\/\/www.hotroastedlove.de\/hrl\/wp-json\/wp\/v2\/product_tag?post=25391"}],"curies":[{"name":"wp","href":"https:\/\/api.w.org\/{rel}","templated":true}]}}