{"id":23199,"date":"2023-01-16T10:37:35","date_gmt":"2023-01-16T09:37:35","guid":{"rendered":"https:\/\/www.hotroastedlove.de\/hrl\/?post_type=product&#038;p=23199"},"modified":"2024-04-25T20:03:19","modified_gmt":"2024-04-25T18:03:19","slug":"soy-cezve-c3-mokkakaennchen","status":"publish","type":"product","link":"https:\/\/www.hotroastedlove.de\/hrl\/produkt\/soy-cezve-c3-mokkakaennchen\/","title":{"rendered":"SOY CEZVE C3G MOKKAK\u00c4NNCHEN"},"content":{"rendered":"<p>[spb_column width=&#8220;1\/1&#8243; el_position=&#8220;first last&#8220;] [spb_text_block pb_margin_bottom=&#8220;no&#8220; pb_border_bottom=&#8220;no&#8220; width=&#8220;3\/4&#8243; el_position=&#8220;first last&#8220;]\n<p><strong><span style=\"font-size: 14pt;\">SOY CEZVE C3G MOKKAK\u00c4NNCHEN<br \/>\nSchwere und hochwertige Qualit\u00e4t<br \/>\n<\/span><\/strong><\/p>\n<p>F\u00fcr alle die t\u00fcrkischen Kaffee bzw. Kaffee aus dem Mokkapot stilvoll genie\u00dfen m\u00f6chten ist die extrem hochwertig verarbeitete Ibrik bzw. Cezve C3 von SOY (aus Instanbul) der Zubereiter der Wahl. Das K\u00e4nnchen in Hammerschlagoptik wird vollst\u00e4ndig von Hand aus 1,5 mm starkem Kupfer gefertigt und ist innen mit Silber beschichtet. Der Handgriff wird aus einer speziellen Bronzelegierung hergestellt, welche eine zu starke Erhitzung vermeidet.<\/p>\n<p>Die SOY Cezve wird von vielen professionellen Baristi t\u00e4glich bei der Arbeit verwendet, darunter befinden sich mehrere Gewinner der Cezve \/ \u0130brik Weltmeisterschaften.<\/p>\n<p><strong>Zubereitungsempfehlung:\u00a0<\/strong><br \/>\nKaffee-Wasserverh\u00e4ltnis: ca. 1:10, das entspricht ca. 20g Kaffee f\u00fcr drei Portionen.<br \/>\nBesonders spannend sind florale oder fruchtige Kaffees aus der C3.<\/p>\n<p><strong>Cezve C3G<\/strong><br \/>\n<strong>Material: <\/strong>Kuper, Silber, Bronze<strong><br \/>\nFassungsverm\u00f6gen:<\/strong> max. 0,225 ltr (f\u00fcr ca. 3 Portionen)<br \/>\n<strong>Gewicht:<\/strong> 0,35 kg<br \/>\n<strong>Materialst\u00e4rke:<\/strong> 1,5 mm<\/p>\n[\/spb_text_block] [\/spb_column]<\/p>\n","protected":false},"excerpt":{"rendered":"<p>[spb_column width=&#8220;1\/2&#8243; el_position=&#8220;first&#8220;] [spb_text_block pb_margin_bottom=&#8220;no&#8220; pb_border_bottom=&#8220;no&#8220; width=&#8220;1\/1&#8243; el_position=&#8220;first last&#8220;]<\/p>\n<p><strong><span style=\"font-size: 14pt;\">Fellow Stagg Pour Over Black Kettle<br \/>\n<\/span><\/strong><\/p>\n<p>Formsch\u00f6n, mattschwarz und mit zwei richtig coolen Features kommt der Stagg Hei\u00dfwassserbereiter von Fellow daher.<\/p>\n<p>Mit einem Thermometer im Deckel zeigt er dir an, wann das Wasser die richtige Temperatur f\u00fcr die Kaffeezubereitung erreicht hat.<br \/>\nZudem hat der Kessel ein zus\u00e4tzliches Gewicht im Griff versteckt und bietet so eine bessere Balance &#8211; super geeignet zum langsamen und gleichm\u00e4\u00dfigen gie\u00dfen.<\/p>\n<p>Der Fellow Stagg Kettle ist noch nicht so lange am Markt, hat aber in der Spezialt\u00e4tenkaffee-Szene schon eine breite Fangemeinde.<\/p>\n<p><a title=\"Instructions and Safety Guide\" href=\"http:\/\/fellowproducts.com\/wp-content\/uploads\/2016\/08\/NOTFORPRINTStagg1.3_Warnings_OLV6.pdf\" target=\"_blank\" rel=\"noopener noreferrer\">Instructions and Safety Guide<\/a><a title=\"Youtube Video Baratza Encore vs. Baratza Virtuoso\" href=\"http:\/\/youtu.be\/UnuVTLzjzmg\" target=\"_blank\" rel=\"noopener noreferrer\"><br \/>\n<\/a><\/p>\n<p>[\/spb_text_block] [\/spb_column] [spb_column width=&#8220;1\/2&#8243; el_position=&#8220;last&#8220;] [blank_spacer height=&#8220;30px&#8220; width=&#8220;1\/1&#8243; el_position=&#8220;first last&#8220;] [spb_video link=&#8220;https:\/\/youtu.be\/bjuIvcfNK-c?t=1m46s&#8220; full_width=&#8220;no&#8220; width=&#8220;1\/1&#8243; el_position=&#8220;first last&#8220;] [spb_text_block pb_margin_bottom=&#8220;no&#8220; pb_border_bottom=&#8220;no&#8220; width=&#8220;1\/1&#8243; el_position=&#8220;first last&#8220;]<\/p>\n<p>Video credits to <em>Eight Ounce Coffee<\/em><\/p>\n<p>[\/spb_text_block] [\/spb_column]<\/p>\n","protected":false},"featured_media":23200,"template":"","meta":[],"product_cat":[194],"product_tag":[876,874,873,875,872,877],"_links":{"self":[{"href":"https:\/\/www.hotroastedlove.de\/hrl\/wp-json\/wp\/v2\/product\/23199"}],"collection":[{"href":"https:\/\/www.hotroastedlove.de\/hrl\/wp-json\/wp\/v2\/product"}],"about":[{"href":"https:\/\/www.hotroastedlove.de\/hrl\/wp-json\/wp\/v2\/types\/product"}],"wp:featuredmedia":[{"embeddable":true,"href":"https:\/\/www.hotroastedlove.de\/hrl\/wp-json\/wp\/v2\/media\/23200"}],"wp:attachment":[{"href":"https:\/\/www.hotroastedlove.de\/hrl\/wp-json\/wp\/v2\/media?parent=23199"}],"wp:term":[{"taxonomy":"product_cat","embeddable":true,"href":"https:\/\/www.hotroastedlove.de\/hrl\/wp-json\/wp\/v2\/product_cat?post=23199"},{"taxonomy":"product_tag","embeddable":true,"href":"https:\/\/www.hotroastedlove.de\/hrl\/wp-json\/wp\/v2\/product_tag?post=23199"}],"curies":[{"name":"wp","href":"https:\/\/api.w.org\/{rel}","templated":true}]}}