{"id":21560,"date":"2021-11-19T10:30:35","date_gmt":"2021-11-19T09:30:35","guid":{"rendered":"https:\/\/www.hotroastedlove.de\/hrl\/?post_type=product&#038;p=21560"},"modified":"2025-03-01T00:00:43","modified_gmt":"2025-02-28T23:00:43","slug":"mahlkoenig-x54-home","status":"publish","type":"product","link":"https:\/\/www.hotroastedlove.de\/hrl\/produkt\/mahlkoenig-x54-home\/","title":{"rendered":"MAHLK\u00d6NIG X54 HOME"},"content":{"rendered":"<p>[spb_column width=&#8220;1\/1&#8243; el_position=&#8220;first last&#8220;] [spb_text_block pb_margin_bottom=&#8220;no&#8220; pb_border_bottom=&#8220;no&#8220; width=&#8220;1\/1&#8243; el_position=&#8220;first last&#8220;]\n<p><strong><span style=\"font-size: 14pt;\">MAHLK\u00d6NIG X54 HOME<br \/>\n<span style=\"font-size: 12pt;\">PROFESSIONELLE HAUSHALTSM\u00dcHLE MIT TIMER<\/span><br \/>\n<\/span><\/strong><\/p>\n<p>Mahk\u00f6nig ist als professioneller Anbieter von Kaffeem\u00fchlen weltweit bekannt. Zu Recht! Mit der X54 home gibt es nun endlich auch eine M\u00fchle im Home Segment, die von der Anmutung an Ihre gro\u00dfen Schwestern erinnert. Als echter Allrounder eignet sich die M\u00fchle f\u00fcr alle g\u00e4ngigen Br\u00fchmethoden: Sowohl f\u00fcr den aromatischen Espresso am Morgen als auch f\u00fcr den k\u00f6stlichen Aufguss eines Filterkaffees oder einer French Press.<\/p>\n<p><strong>Empfohlene Mahlgradeinstellungen sind: Espresso 1-5 | Filterkaffee 15-25 | FrenchPress &gt;25<\/strong><\/p>\n<p>Die durchdachte Geometrie der 54 mm messenden Mahlscheiben aus hochwertigem Spezialstahl sorgt f\u00fcr eine besonders schonende Vermahlung und f\u00fcr optimale Partikelgr\u00f6\u00dfen auf der gesamten Bandbreite von Espresso bis French Press, bzw. zwischen einer Partikelgr\u00f6\u00dfe ab 200 \u03bcm in der feinsten Einstellung und bis zu 1.000 \u03bcm in der gr\u00f6bsten Einstellung.<\/p>\n<p>Per Knopfdruck sind die Fronten austauschbar, um aus einer Espressom\u00fchle mit Siebtr\u00e4gerhalterung eine Filterm\u00fchle zu machen. Der beigelegte Edelstahlbecher dient bei der Filtermahlung als Auffanggef\u00e4\u00df.<\/p>\n<p>Der Bohnenbeh\u00e4lter ist mittels Schieberegeler ebenfalls abnehmbar und erm\u00f6glich so einen leichten Tausch der Bohnen.<\/p>\n<p>Mit dem multifunktionalen Dreh-\/Dr\u00fcck-Knopf an der Front l\u00e4sst sich intuitiv durch das Men\u00fc navigieren um die eigenen Einstellungen vorzunehmen. Mit den vier voreinstellbaren Rezepten der X54 k\u00f6nnen unter anderem die Dosierungen f\u00fcr eine Tasse und eine Kanne Filterkaffee sowie f\u00fcr einen Einzel- und einen Doppel-Shot Espresso hinterlegt werden. F\u00fcr eine beliebige Mahlmenge ohne voreingestellte Zeit kann der manuelle Modus ausgew\u00e4hlt werden.<\/p>\n<p><strong>PRODUKTEIGENSCHAFTEN IM \u00dcBERBLICK:<\/strong><\/p>\n<p>\u2022 Umfassende stufenlose Mahlgradskala zur pr\u00e4zisen Einstellung f\u00fcr alle g\u00e4ngigen Br\u00fchmethoden von Espresso bis French Press<br \/>\n\u2022 54 mm gro\u00dfe Spezialstahl-Mahlscheiben sorgen f\u00fcr eine gleichm\u00e4\u00dfige Vermahlung und gro\u00dfartigen Geschmack<br \/>\n\u2022 Einfach auswechselbare Fronten f\u00fcr Filter- und Espresso-Vermahlung<br \/>\n\u2022 Hochwertiges Multifunktions-LED-Display mit 4 individuell einstellbaren Dosierungen und manuellem Modus<br \/>\n\u2022 Multifunktionaler Dreh-\/Dr\u00fcck-Knopf<br \/>\n\u2022 Starker Motor mit einer Lebensdauer von \u00fcber 25.000 Bez\u00fcgen<br \/>\n\u2022 Optimierte Akustik f\u00fcr ein angenehmes Vermahlungsger\u00e4usch unter 70 dB(A)<br \/>\n\u2022 Bohnenbeh\u00e4lter mit erh\u00f6hter Widerstandsfestigkeit<\/p>\n<p><strong>Eignung f\u00fcr:<br \/>\n<\/strong>Espresso und Filterkaffee<\/p>\n<p><a href=\"https:\/\/www.dropbox.com\/s\/syw2z1p1h2rer78\/Mahlkoenig_X54_Broschuere.pdf?dl=0\" target=\"_blank\" rel=\"noopener noreferrer\">Produktbrosch\u00fcre<\/a><a title=\"Bedienungsanleitung Baratza Virtuoso\" href=\"http:\/\/www.baratza.com\/wp-content\/uploads\/2016\/03\/manual-sette270w-de.pdf\" target=\"_blank\" rel=\"noopener noreferrer\"><br \/>\n<\/a><a href=\"https:\/\/www.dropbox.com\/s\/32t7ag9gfun19kf\/Mahlkoenig_Bedienungsanleitung_X54.pdf?dl=0\" target=\"_blank\" rel=\"noopener noreferrer\">Bedienungsanleitung (Deutsch)<\/a><\/p>\n[\/spb_text_block] [\/spb_column] [spb_column width=&#8220;1\/1&#8243; el_position=&#8220;first last&#8220;] [spb_video link=&#8220;https:\/\/youtu.be\/cG9hT9_W-Lc&#8220; full_width=&#8220;no&#8220; width=&#8220;1\/1&#8243; el_position=&#8220;first last&#8220;] [\/spb_column]<\/p>\n","protected":false},"excerpt":{"rendered":"<p>[spb_text_block pb_margin_bottom=&#8220;no&#8220; pb_border_bottom=&#8220;no&#8220; width=&#8220;1\/2&#8243; el_position=&#8220;first&#8220;]<\/p>\n<p><strong><span style=\"font-size: 14pt;\">BARATZA SETTE 270Wi<br \/>\n<span style=\"font-size: 12pt;\">Neue Mahltechnologie f\u00fcr homogenes und fluffiges Mahlgut mit integrierter ACAIA Pr\u00e4zisionswaage!<\/span><br \/>\n<\/span><\/strong><\/p>\n<p>Die SETTE 270Wi mahlt und wiegt das Mahlgut nach Bedarf. Das Ergebnis ist sowohl in der Espresso-, als auch in der Filtermahlung ein extrem lockeres, fluffiges Kaffeepulver!<\/p>\n<p>Das Kegelmahlwerk aus geh\u00e4rtetem Edelstahl mit stufenweiser Makro- (1-31) und stufenloser Mikroeinstellung (A-I) mahlt extrem schnell und produziert sehr wenig \u201efines\u201c und &#8222;bolders&#8220; im Mahlergebnis. Mit der M\u00fchle erreicht man sehr gute Ergebnisse von der feinen Espresso- bis zur gr\u00f6beren Chemex-Mahlung. F\u00fcr die FrenchPress-Zubereitung und f\u00fcr die Karlsbader Kanne ist die Sette 270Wi nur bedingt geeignet. Mit dem als Zubeh\u00f6r erh\u00e4ltlichen <a title=\"BG MAHLWERK F\u00dcR BARATZA SETTE\" href=\"https:\/\/www.hotroastedlove.de\/hrl\/produkt\/bg-mahlwerk-fuer-baratza-sette\/\">BG-Mahlwerk (Brew Grind)<\/a> wird sie zum Experten f\u00fcr Br\u00fchkaffeetrinker mit gehobenem Anspruch.<\/p>\n<p>Empfohlene Mahlgradeinstellungen sind: Espresso 3-9 | AeroPress 10-15 | V-60 13-18 | Drip brew 15-25 | Chemex 20-31<\/p>\n<p>Die SETTE 270Wi hat fast keinen sogenannten Totraum, was bedeutet, dass so gut wie kein Mahlgut in der M\u00fchle verbleibt.<\/p>\n<p>Baratza bietet drei programmierbare Tasten um Deine Wunschkaffeemenge automatisiert zu mahlen und gleichzeitig abzuwiegen. Die Technik der eingebauten Waage stellt das etablierte und inovative Unternehmen Acaia, welches f\u00fcr hochwertige Waagen im Kaffeebereich bekannt geworden ist.<\/p>\n<p>Es lie\u00dfe sich noch viel\u00a0 mehr schreiben, denn wir sind wirklich begeistert von der M\u00fchle &#8211; aber ich muss den n\u00e4chsten Kaffee mahlen.<br \/>\nKurzum: das Ding macht einfach Spa\u00df!<br \/>\nWeitere Infos zur M\u00fchle findet Ihr im unten stehenden PDF (von Baratza) und im verlinkten Youtube Video.<\/p>\n<p><strong>Die neuen Funktionen der 270Wi gegen\u00fcber der 270W:<\/strong><\/p>\n<ul>\n<li>Gr\u00f6\u00dfere Toleranz gegen\u00fcber Vibrationen die die Funktion oder die Genauigkeit der W\u00e4gefunktion beeintr\u00e4chtigen.<\/li>\n<li>Das \u201ci\u201d bei der Bezeichnung 270Wi steht f\u00fcr Intelligenz. Die M\u00fchle passt nun den Offset eigenst\u00e4ndig an und n\u00e4hert sich mit jedem Mahlvorgang der gew\u00fcnschten Menge an. Dadurch findet die Sette schneller und genauer den Stopp-Punkt beim Mahlvorgang.<\/li>\n<li>Zus\u00e4tzlich ist die M\u00fchle mit einer \u201cQuick Burst\u201d Funktion ausgestattet, womit auf Knopfdruck kleine Mengen nach gemahlen werden k\u00f6nnen, um die Unterdosierung welche bei den ersten Mahlvorg\u00e4ngen nach Verstellung des Mahlgrads oder \u00c4nderung der Mahlmenge oder der Bohnensorte auftritt, zu kompensieren.<\/li>\n<\/ul>\n<p><strong>Eignung f\u00fcr:<br \/>\n<\/strong>Espresso und Filterkaffee<\/p>\n<p><a title=\"Baratza Grinding Tipps\" href=\"https:\/\/www.baratza.com\/grinding-tips\/\">Baratza Grinding Tipps<\/a><a title=\"Bedienungsanleitung Baratza Virtuoso\" href=\"http:\/\/www.baratza.com\/wp-content\/uploads\/2016\/03\/manual-sette270w-de.pdf\" target=\"_blank\" rel=\"noopener noreferrer\"><br \/>\n<\/a><a href=\"https:\/\/www.baratza.com\/wp-content\/uploads\/2018\/04\/manual-sette270wi-2-DE.pdf\">Bedienungsanleitung (Deutsch)<\/a><a title=\"Youtube Video Baratza Encore vs. Baratza Virtuoso\" href=\"http:\/\/youtu.be\/UnuVTLzjzmg\" target=\"_blank\" rel=\"noopener noreferrer\"><br \/>\n<\/a><a href=\"https:\/\/youtu.be\/ev9vgeFNx5M\" target=\"_blank\" rel=\"noopener noreferrer\">Baratza Sette 270 &amp; 270W im Vergleich<\/a>\u00a0 <img decoding=\"async\" loading=\"lazy\" class=\" size-full wp-image-12660 alignnone\" src=\"https:\/\/www.hotroastedlove.de\/hrl\/wp-content\/uploads\/youtube_icon.png\" alt=\"youtube_icon\" width=\"49\" height=\"20\" \/><a title=\"Youtube Video Baratza Encore vs. Baratza Virtuoso\" href=\"http:\/\/youtu.be\/UnuVTLzjzmg\" target=\"_blank\" rel=\"noopener noreferrer\"><br \/>\n<\/a><\/p>\n<p>[\/spb_text_block] [spb_single_image image=&#8220;12623&#8243; image_size=&#8220;full&#8220; frame=&#8220;glowframe&#8220; intro_animation=&#8220;none&#8220; full_width=&#8220;no&#8220; lightbox=&#8220;yes&#8220; link_target=&#8220;_self&#8220; width=&#8220;1\/2&#8243; el_position=&#8220;last&#8220;]<\/p>\n","protected":false},"featured_media":21562,"template":"","meta":[],"product_cat":[194],"product_tag":[231,236,240,814,255,244,815],"_links":{"self":[{"href":"https:\/\/www.hotroastedlove.de\/hrl\/wp-json\/wp\/v2\/product\/21560"}],"collection":[{"href":"https:\/\/www.hotroastedlove.de\/hrl\/wp-json\/wp\/v2\/product"}],"about":[{"href":"https:\/\/www.hotroastedlove.de\/hrl\/wp-json\/wp\/v2\/types\/product"}],"wp:featuredmedia":[{"embeddable":true,"href":"https:\/\/www.hotroastedlove.de\/hrl\/wp-json\/wp\/v2\/media\/21562"}],"wp:attachment":[{"href":"https:\/\/www.hotroastedlove.de\/hrl\/wp-json\/wp\/v2\/media?parent=21560"}],"wp:term":[{"taxonomy":"product_cat","embeddable":true,"href":"https:\/\/www.hotroastedlove.de\/hrl\/wp-json\/wp\/v2\/product_cat?post=21560"},{"taxonomy":"product_tag","embeddable":true,"href":"https:\/\/www.hotroastedlove.de\/hrl\/wp-json\/wp\/v2\/product_tag?post=21560"}],"curies":[{"name":"wp","href":"https:\/\/api.w.org\/{rel}","templated":true}]}}