{"id":21442,"date":"2026-03-08T14:43:12","date_gmt":"2026-03-08T13:43:12","guid":{"rendered":"https:\/\/www.hotroastedlove.de\/hrl\/?post_type=product&#038;p=21442"},"modified":"2026-04-11T09:39:03","modified_gmt":"2026-04-11T07:39:03","slug":"kolumbien-la-sierrita","status":"publish","type":"product","link":"https:\/\/www.hotroastedlove.de\/hrl\/produkt\/kolumbien-la-sierrita\/","title":{"rendered":"KOLUMBIEN LA SIERRITA ESPRESSO"},"content":{"rendered":"<p>[spb_column width=&#8220;1\/1&#8243; el_position=&#8220;first last&#8220;] [spb_text_block pb_margin_bottom=&#8220;no&#8220; pb_border_bottom=&#8220;no&#8220; width=&#8220;1\/1&#8243; el_position=&#8220;first last&#8220;]\n<p><strong><span style=\"font-size: 14pt;\">KOLUMBIEN LA SIERRITA ESPRESSO<\/span><\/strong><\/p>\n<p><strong>SWEET HOME LA SIERRITA!<\/strong><br \/>\nDer warm-aromatische Kaffee Kolumbien La Sierrita ist herzerw\u00e4rmend mit Noten von Milchschokolade bis hin zu dunkler Schokolade und Nougat mit s\u00fc\u00dfer aber verhaltener Zitruslebendigkeit und vollem K\u00f6rper.<\/p>\n<p>Der Kaffee stammt aus Giraldo, dem Dorf nahe der Stadt <span id=\"result_box\" class=\"\" lang=\"de\"><span title=\"Luz Soraida Restrepo of Finca La Paz in Concordia, Antioquia produces a subtle and pleasant coffee with a fragrance of milk chocolate with a hint of peach and spices.&lt;br \/&gt;&lt;br &gt;&lt;\/span&gt;\">Vereda La Sierrita in Antioquia und <\/span><\/span>ist eine Gemeinschaftsproduktion der Famer aus dieser Region. Dieses versteckte Juwel mit einer konstanten Qualit\u00e4t von 85 Punkten zeigt, dass auch Kaffees aus Antioquia mit jeder anderen Region Kolumbiens (wie z. B. Huila, Nari\u00f1o oder Cauca) konkurrieren k\u00f6nnen.<\/p>\n<p>Dabei sorgen die Berge der Anden f\u00fcr ein best\u00e4ndiges Klima und interessante vulkanische B\u00f6den. Hoch oben in den Bergen verlangsamen die k\u00e4lteren Temperaturen die Reifung der Bohnen. By the way: Die Antioquia-Bohne ist eine der dichtesten Bohnen Kolumbiens.<\/p>\n[\/spb_text_block] [\/spb_column] [spb_column width=&#8220;1\/1&#8243; el_position=&#8220;first last&#8220;] [spb_text_block pb_margin_bottom=&#8220;no&#8220; pb_border_bottom=&#8220;no&#8220; width=&#8220;1\/1&#8243; el_position=&#8220;first last&#8220;]\n<p><strong>Herkunft:<\/strong> Kolumbien,<span id=\"result_box\" class=\"\" lang=\"de\"><span title=\"Luz Soraida Restrepo of Finca La Paz in Concordia, Antioquia produces a subtle and pleasant coffee with a fragrance of milk chocolate with a hint of peach and spices.&lt;br \/&gt;&lt;br &gt;&lt;\/span&gt;\"> Antioquia, Giraldo, Vereda La Sierrita<br \/>\n<\/span><\/span><strong>Kaffeesorte: <\/strong>100% Arabica, Caturra, Colombia, Castillo<br \/>\n<strong>Aufbereitung:<\/strong> washed<br \/>\n<strong>Anbauh\u00f6he:<\/strong> 1750-2200m<br \/>\n<strong>Cupping Score:<\/strong> 85<br \/>\n<strong>Geschmacksprofil:<\/strong> Noten von Schokolade und Nougat mit s\u00fc\u00dfer Zitruslebendigkeit<\/p>\n<p>Der FOB betr\u00e4gt f\u00fcr diesen Kaffee 5,66 USD\/kg.<\/p>\n[\/spb_text_block] [\/spb_column] [spb_single_image image=&#8220;24750&#8243; image_size=&#8220;full&#8220; frame=&#8220;noframe&#8220; intro_animation=&#8220;none&#8220; full_width=&#8220;no&#8220; lightbox=&#8220;no&#8220; link_target=&#8220;_self&#8220; width=&#8220;1\/1&#8243; el_position=&#8220;first last&#8220;] [spb_text_block pb_margin_bottom=&#8220;no&#8220; pb_border_bottom=&#8220;no&#8220; width=&#8220;1\/1&#8243; el_position=&#8220;first last&#8220;]\n<div class=\"BorlabsCookie _brlbs-cb-googlemaps\"><div class=\"_brlbs-content-blocker\"> <div class=\"_brlbs-embed _brlbs-google-maps\"> <img class=\"_brlbs-thumbnail\" src=\"https:\/\/www.hotroastedlove.de\/hrl\/wp-content\/plugins\/borlabs-cookie\/assets\/images\/cb-maps.png\" alt=\"Google Maps\"> <div class=\"_brlbs-caption\"> <p>Mit dem Laden der Karte akzeptieren Sie die Datenschutzerkl\u00e4rung von Google.<br><a href=\"https:\/\/policies.google.com\/privacy\" target=\"_blank\" rel=\"nofollow noopener noreferrer\">Mehr erfahren<\/a><\/p> <p><a class=\"_brlbs-btn\" href=\"#\" data-borlabs-cookie-unblock role=\"button\">Karte laden<\/a><\/p> <p><label><input type=\"checkbox\" name=\"unblockAll\" value=\"1\" checked> <small>Google Maps immer entsperren<\/small><\/label><\/p> <\/div> <\/div> <\/div><div class=\"borlabs-hide\" data-borlabs-cookie-type=\"content-blocker\" data-borlabs-cookie-id=\"googlemaps\"><script type=\"text\/template\">ICAgICAgICAgICAgPHNjcmlwdCB0eXBlPSJ0ZXh0L2phdmFzY3JpcHQiPg0KICAgICAgICAgICAgICAgIGpRdWVyeShkb2N1bWVudCkucmVhZHkoZnVuY3Rpb24gKCQpIHsNCiAgICAgICAgICAgICAgICAgICAgdmFyIHdnbV9tYXAgPSBuZXcgZ29vZ2xlLm1hcHMuTWFwKGRvY3VtZW50LmdldEVsZW1lbnRCeUlkKCJzcm1fZ21wX2VtYmVkXzEiKSwgew0KICAgICAgICAgICAgICAgICAgICAgICAgY2VudGVyOiBuZXcgZ29vZ2xlLm1hcHMuTGF0TG5nKDYuMjQ3NjU5Nzk5OTk5OTk0LC03NS41NjU4MTYpLA0KICAgICAgICAgICAgICAgICAgICAgICAgem9vbTo2LA0KICAgICAgICAgICAgICAgICAgICAgICAgbWFwVHlwZUlkOiBnb29nbGUubWFwcy5NYXBUeXBlSWQuUk9BRE1BUCwNCiAgICAgICAgICAgICAgICAgICAgICAgIHNjcm9sbHdoZWVsOiB0cnVlLA0KICAgICAgICAgICAgICAgICAgICAgICAgem9vbUNvbnRyb2w6IGZhbHNlLA0KICAgICAgICAgICAgICAgICAgICAgICAgbWFwVHlwZUNvbnRyb2w6IGZhbHNlLA0KICAgICAgICAgICAgICAgICAgICAgICAgc3RyZWV0Vmlld0NvbnRyb2w6IHRydWUsDQogICAgICAgICAgICAgICAgICAgICAgICBmdWxsc2NyZWVuQ29udHJvbDogdHJ1ZSwNCiAgICAgICAgICAgICAgICAgICAgICAgIGRyYWdnYWJsZTogdHJ1ZSwNCiAgICAgICAgICAgICAgICAgICAgICAgIGRpc2FibGVEb3VibGVDbGlja1pvb206IGZhbHNlLA0KICAgICAgICAgICAgICAgICAgICAgICAgcGFuQ29udHJvbDogZmFsc2UgICAgICAgICAgICAgICAgICAgIH0pOw0KICAgICAgICAgICAgICAgICAgICB2YXIgd2dtX3RoZW1lX2pzb24gPSAnW10nOw0KICAgICAgICAgICAgICAgICAgICBpZiAod2dtX3RoZW1lX2pzb24ubGVuZ3RoID4gMCkgew0KICAgICAgICAgICAgICAgICAgICAgICAgd2dtX21hcC5zZXRPcHRpb25zKHtzdHlsZXM6IEpTT04ucGFyc2Uod2dtX3RoZW1lX2pzb24pfSk7DQogICAgICAgICAgICAgICAgICAgIH0NCiAgICAgICAgICAgICAgICAgICAgLy8gVG8gdmlldyBkaXJlY3Rpb25zIGZvcm0gYW5kIGRhdGENCiAgICAgICAgICAgICAgICAgICAgICAgICAgICAgICAgICAgICAgICB2YXIgd2dtX2RhdGFfMSA9IHsNCiAgICAgICAgICAgICAgICAgICAgICAgICdhY3Rpb24nOiAnd3BnbWFwZW1iZWRfcF9nZXRfbWFya2Vyc19ieV9tYXBfaWQnLA0KICAgICAgICAgICAgICAgICAgICAgICAgJ2RhdGEnOiB7DQogICAgICAgICAgICAgICAgICAgICAgICAgICAgbWFwX2lkOiAnMjMwMjgnLA0KICAgICAgICAgICAgICAgICAgICAgICAgICAgIGFqYXhfbm9uY2U6ICdjNGM3YTU4MzQ4Jw0KICAgICAgICAgICAgICAgICAgICAgICAgfQ0KICAgICAgICAgICAgICAgICAgICB9Ow0KICAgICAgICAgICAgICAgICAgICB2YXIgd2dtX2FqYXh1cmxfMSA9ICdodHRwczovL3d3dy5ob3Ryb2FzdGVkbG92ZS5kZS9ocmwvd3AtYWRtaW4vYWRtaW4tYWpheC5waHAnDQogICAgICAgICAgICAgICAgICAgIGpRdWVyeS5wb3N0KHdnbV9hamF4dXJsXzEsIHdnbV9kYXRhXzEsIGZ1bmN0aW9uIChyZXNwb25zZSkgew0KICAgICAgICAgICAgICAgICAgICAgICAgcmVzcG9uc2UgPSBKU09OLnBhcnNlKHJlc3BvbnNlKTsNCiAgICAgICAgICAgICAgICAgICAgICAgIGlmIChyZXNwb25zZS5tYXJrZXJzLmxlbmd0aCA9PT0gMSkgew0KICAgICAgICAgICAgICAgICAgICAgICAgICAgIHZhciB3Z21fbWFya2VyX3RvXzEgPSByZXNwb25zZS5tYXJrZXJzWzBdLm1hcmtlcl9kZXNjLnJlcGxhY2UoLyZndDsvZywgJz4nKS5yZXBsYWNlKC8mbHQ7L2csICc8Jyk7DQogICAgICAgICAgICAgICAgICAgICAgICAgICAgalF1ZXJ5KCcjc3JtX2dtYXBfdG9fMScpLnZhbCh3Z21fbWFya2VyX3RvXzEucmVwbGFjZSgvKDwoW14+XSspPikvZ2ksICIiKSk7DQogICAgICAgICAgICAgICAgICAgICAgICB9DQogICAgICAgICAgICAgICAgICAgICAgICB2YXIgd2dtX2RlZmF1bHRfbWFya2VyX2ljb25fMSA9ICdodHRwczovL21hcHMuZ3N0YXRpYy5jb20vbWFwZmlsZXMvYXBpLTMvaW1hZ2VzL3Nwb3RsaWdodC1wb2kyLnBuZyc7DQogICAgICAgICAgICAgICAgICAgICAgICBpZiAocmVzcG9uc2UubWFya2Vycy5sZW5ndGggPiAwKSB7DQogICAgICAgICAgICAgICAgICAgICAgICAgICAgdmFyIGN1c3RvbV9tYXJrZXJzID0gW107DQogICAgICAgICAgICAgICAgICAgICAgICAgICAgdmFyIGN1c3RvbV9tYXJrZXJfaW5mb3dpbmRvd3MgPSBbXTsNCiAgICAgICAgICAgICAgICAgICAgICAgICAgICByZXNwb25zZS5tYXJrZXJzLmZvckVhY2goZnVuY3Rpb24gKHdnbV9tYXJrZXIsIGkpIHsNCiAgICAgICAgICAgICAgICAgICAgICAgICAgICAgICAgdmFyIHdnbV9tYXJrZXJfbGF0X2xuZ18xID0gd2dtX21hcmtlci5sYXRfbG5nLnNwbGl0KCcsJyk7DQogICAgICAgICAgICAgICAgICAgICAgICAgICAgICAgIHdnbV9jdXN0b21fbWFya2VyXzEgPSBuZXcgZ29vZ2xlLm1hcHMuTWFya2VyKHsNCiAgICAgICAgICAgICAgICAgICAgICAgICAgICAgICAgICAgIHBvc2l0aW9uOiBuZXcgZ29vZ2xlLm1hcHMuTGF0TG5nKHdnbV9tYXJrZXJfbGF0X2xuZ18xWzBdLCB3Z21fbWFya2VyX2xhdF9sbmdfMVsxXSksDQogICAgICAgICAgICAgICAgICAgICAgICAgICAgICAgICAgICB0aXRsZTogd2dtX21hcmtlci5tYXJrZXJfbmFtZSwNCiAgICAgICAgICAgICAgICAgICAgICAgICAgICAgICAgICAgIGFuaW1hdGlvbjogZ29vZ2xlLm1hcHMuQW5pbWF0aW9uLkRST1AsDQogICAgICAgICAgICAgICAgICAgICAgICAgICAgICAgICAgICBpY29uOiAod2dtX21hcmtlci5pY29uID09PSAnJykgPyB3Z21fZGVmYXVsdF9tYXJrZXJfaWNvbl8xIDogd2dtX21hcmtlci5pY29uDQogICAgICAgICAgICAgICAgICAgICAgICAgICAgICAgIH0pOw0KICAgICAgICAgICAgICAgICAgICAgICAgICAgICAgICBjdXN0b21fbWFya2Vyc1tpXSA9IHdnbV9jdXN0b21fbWFya2VyXzE7DQogICAgICAgICAgICAgICAgICAgICAgICAgICAgICAgIHdnbV9jdXN0b21fbWFya2VyXzEuc2V0TWFwKHdnbV9tYXApOw0KICAgICAgICAgICAgICAgICAgICAgICAgICAgICAgICB2YXIgd2dtX21hcmtlcl9uYW1lXzEgPSAod2dtX21hcmtlci5tYXJrZXJfbmFtZSAhPT0gbnVsbCkgPyAoJzxzcGFuIGNsYXNzPSJpbmZvX2NvbnRlbnRfdGl0bGUiIHN0eWxlPSJmb250LXNpemU6MThweDtmb250LXdlaWdodDogYm9sZDtmb250LWZhbWlseTogQXJpYWw7Ij4nDQogICAgICAgICAgICAgICAgICAgICAgICAgICAgICAgICAgICArIHdnbV9tYXJrZXIubWFya2VyX25hbWUgKw0KICAgICAgICAgICAgICAgICAgICAgICAgICAgICAgICAgICAgJzwvc3Bhbj48YnIvPicpIDogJyc7DQogICAgICAgICAgICAgICAgICAgICAgICAgICAgICAgIHdnbV9tYXJrZXIubWFya2VyX2Rlc2MgPSB3Z21fbWFya2VyLm1hcmtlcl9kZXNjLnJlcGxhY2UoLyZndDsvZywgJz4nKS5yZXBsYWNlKC8mbHQ7L2csICc8Jyk7DQogICAgICAgICAgICAgICAgICAgICAgICAgICAgICAgIGN1c3RvbV9tYXJrZXJfaW5mb3dpbmRvdyA9IG5ldyBnb29nbGUubWFwcy5JbmZvV2luZG93KHsNCiAgICAgICAgICAgICAgICAgICAgICAgICAgICAgICAgICAgIGNvbnRlbnQ6IHdnbV9tYXJrZXJfbmFtZV8xICsgd2dtX21hcmtlci5tYXJrZXJfZGVzYw0KICAgICAgICAgICAgICAgICAgICAgICAgICAgICAgICB9KTsNCiAgICAgICAgICAgICAgICAgICAgICAgICAgICAgICAgY3VzdG9tX21hcmtlcl9pbmZvd2luZG93c1tpXSA9IGN1c3RvbV9tYXJrZXJfaW5mb3dpbmRvdzsNCiAgICAgICAgICAgICAgICAgICAgICAgICAgICAgICAgaWYgKHdnbV9tYXJrZXIuc2hvd19kZXNjX2J5X2RlZmF1bHQgPT09ICcxJykgew0KICAgICAgICAgICAgICAgICAgICAgICAgICAgICAgICAgICAgY3VzdG9tX21hcmtlcl9pbmZvd2luZG93Lm9wZW4oew0KICAgICAgICAgICAgICAgICAgICAgICAgICAgICAgICAgICAgICAgIGFuY2hvcjogd2dtX2N1c3RvbV9tYXJrZXJfMSwNCiAgICAgICAgICAgICAgICAgICAgICAgICAgICAgICAgICAgICAgICBzaG91bGRGb2N1czogZmFsc2UNCiAgICAgICAgICAgICAgICAgICAgICAgICAgICAgICAgICAgIH0pOw0KICAgICAgICAgICAgICAgICAgICAgICAgICAgICAgICB9IGVsc2Ugew0KICAgICAgICAgICAgICAgICAgICAgICAgICAgICAgICAgICAgZ29vZ2xlLm1hcHMuZXZlbnQuYWRkTGlzdGVuZXIod2dtX2N1c3RvbV9tYXJrZXJfMSwgJ2NsaWNrJywgZnVuY3Rpb24gKCkgew0KICAgICAgICAgICAgICAgICAgICAgICAgICAgICAgICAgICAgICAgIGN1c3RvbV9tYXJrZXJfaW5mb3dpbmRvd3NbaV0ub3Blbih7DQogICAgICAgICAgICAgICAgICAgICAgICAgICAgICAgICAgICAgICAgICAgIGFuY2hvcjogY3VzdG9tX21hcmtlcnNbaV0sDQogICAgICAgICAgICAgICAgICAgICAgICAgICAgICAgICAgICAgICAgICAgIHNob3VsZEZvY3VzOiBmYWxzZQ0KICAgICAgICAgICAgICAgICAgICAgICAgICAgICAgICAgICAgICAgIH0pOw0KICAgICAgICAgICAgICAgICAgICAgICAgICAgICAgICAgICAgfSk7DQogICAgICAgICAgICAgICAgICAgICAgICAgICAgICAgIH0NCiAgICAgICAgICAgICAgICAgICAgICAgICAgICAgICAgaWYgKHdnbV9tYXJrZXIuaGF2ZV9tYXJrZXJfbGluayA9PT0gJzEnKSB7DQogICAgICAgICAgICAgICAgICAgICAgICAgICAgICAgICAgICBnb29nbGUubWFwcy5ldmVudC5hZGRMaXN0ZW5lcih3Z21fY3VzdG9tX21hcmtlcl8xLCAnY2xpY2snLCBmdW5jdGlvbiAoKSB7DQogICAgICAgICAgICAgICAgICAgICAgICAgICAgICAgICAgICAgICAgdmFyIHdnbV90YXJnZXQgPSAnX3NlbGYnOw0KICAgICAgICAgICAgICAgICAgICAgICAgICAgICAgICAgICAgICAgIGlmICh3Z21fbWFya2VyLm1hcmtlcl9saW5rX25ld190YWIgPT09ICcxJykgew0KICAgICAgICAgICAgICAgICAgICAgICAgICAgICAgICAgICAgICAgICAgICB3Z21fdGFyZ2V0ID0gJ19ibGFuayc7DQogICAgICAgICAgICAgICAgICAgICAgICAgICAgICAgICAgICAgICAgfQ0KICAgICAgICAgICAgICAgICAgICAgICAgICAgICAgICAgICAgICAgIHdpbmRvdy5vcGVuKHdnbV9tYXJrZXIubWFya2VyX2xpbmssIHdnbV90YXJnZXQpOw0KICAgICAgICAgICAgICAgICAgICAgICAgICAgICAgICAgICAgfSk7DQogICAgICAgICAgICAgICAgICAgICAgICAgICAgICAgIH0NCiAgICAgICAgICAgICAgICAgICAgICAgICAgICB9KTsNCiAgICAgICAgICAgICAgICAgICAgICAgIH0NCiAgICAgICAgICAgICAgICAgICAgfSk7DQogICAgICAgICAgICAgICAgfSk7DQoNCiAgICAgICAgICAgIDwvc2NyaXB0Pg0KDQogICAgICAgICAgICA8ZGl2IGlkPSJzcm1fZ21wX2VtYmVkXzEiDQogICAgICAgICAgICAgICAgIHN0eWxlPSJ3aWR0aDoxMDAlICFpbXBvcnRhbnQ7aGVpZ2h0OjMwMHB4ICAhaW1wb3J0YW50OyAiPg0KICAgICAgICAgICAgPC9kaXY+DQogICAgICAgICAgICAgICAgICAgIA==<\/script><\/div><\/div>\n[\/spb_text_block] [blank_spacer height=&#8220;30px&#8220; width=&#8220;1\/1&#8243; el_position=&#8220;first last&#8220;] [spb_text_block pb_margin_bottom=&#8220;no&#8220; pb_border_bottom=&#8220;no&#8220; width=&#8220;1\/1&#8243; el_position=&#8220;first last&#8220;]\n<p><strong><span style=\"font-size: 14pt;\">Direct Trade<\/span><\/strong><\/p>\n<p>Direkthandelsinitiativen investieren in den Aufbau der Kleinbauern und in Kooperativen vor Ort. Im Direkthandel wird den Kaffeebauern ein weit \u00fcber dem Markt \u00fcblicher Preis f\u00fcr hohe Kaffeequalit\u00e4t und spezielle Kaffeesorten bezahlt, der oft auch \u00fcber den Preisgarantien der Fair Trade-Zertifizierung liegt. Der Preis wird in der Regel mit den Produzenten pers\u00f6nlich und ohne Zwischenh\u00e4ndler (z.B. B\u00f6rse) ausgehandelt.<\/p>\n<p>Vom naturnahen und m\u00f6glichst gemeinschaftlichen Anbau, der manuellen Ernte (meist Picking), der sorgf\u00e4ltigen Verarbeitung und den Lebensbedingungen von Bauern und Erntehelfern \u00fcberzeugen sich unsere Importpartner regelm\u00e4\u00dfig selbst vor Ort. So sichern sie die R\u00fcckverfolgbarkeit bis zum Ursprung.<\/p>\n<p>&gt;&gt; <a title=\"WARUM DIRECT TRADE MEHR ALS FAIR IST\" href=\"https:\/\/www.hotroastedlove.de\/hrl\/warum-direct-trade\/\">Mehr zum Thema Direct Trade<\/a><\/p>\n[\/spb_text_block] [blank_spacer height=&#8220;30px&#8220; width=&#8220;1\/1&#8243; el_position=&#8220;first last&#8220;]\n","protected":false},"excerpt":{"rendered":"<p>[spb_column width=&#8220;1\/1&#8243; el_position=&#8220;first last&#8220;] [spb_text_block pb_margin_bottom=&#8220;no&#8220; pb_border_bottom=&#8220;no&#8220; width=&#8220;1\/1&#8243; el_position=&#8220;first last&#8220;]<\/p>\n<p><strong><span style=\"font-size: 14pt;\">Coffee, please! NICARAGUA JESUS MOUNTAIN<\/span><br \/>\n<\/strong><\/p>\n<p>Sch\u00f6n ausbalanciert und s\u00fc\u00df-saftig macht dieser Kaffee aus den Bergen von Jalapa Nueva Segovia direkt Lust auf die n\u00e4chste Tasse und die n\u00e4chste Tasse und die n\u00e4chste Tasse. Er ist auch floral, aber vor allem die saftigen Noten von Lemon Tea machen ihn nicht nur als hei\u00dfen Filterkaffee, sondern besonders auch auch als ColdBrew sehr intererssant. S\u00fc\u00dfe, S\u00e4ure, K\u00f6rper, Aroma &#8211; alles passt und ergibt einen supersch\u00f6n s\u00fcffigen Kaffee!<\/p>\n<p>Die Familie Peralta betreibt Farm Cerro de Jes\u00fas in den Bergen von Jalapa Nueva Segovia. Die Farm ist einzigartig in den verschiedenen Mikroklimata, verschiedenen Sorten und in der Geschichte der Herstellung von gutem Kaffee. Jedes Jahr bringen die unterschiedlichen Parzellen (wald\u00e4hnliche Parzellen mit reichlich schattenspendenden B\u00e4umen, bis zu hoch gelegenen Parzellen, die mit sehr wenig beschnittenen Schattenb\u00e4umen zurechtkommen) sehr interessante Kaffees hervor.<\/p>\n<p>Wir haben das Gl\u00fcck Euch das Microlot &#8222;Don David&#8220; anbieten zu k\u00f6nnen, von dem es in der aktuellen Ernte nur 138kg gibt.<\/p>\n<p><strong>DIRECT TRADE, SINGLE ESTATE, MICROLOT<br \/>\n<\/strong><strong>Herkunft:<\/strong> Nicaragua, Jalapa, Nueva Segovia<br \/>\n<strong>Kaffeesorte:<\/strong> 100% Arabica, Variet\u00e4ten: Ethiosar F1, Microlot &#8222;Don David&#8220;<br \/>\n<strong>Aufbereitung:<\/strong> handpicked, washed, 13 days drying on raised beds<br \/>\n<strong>Anbauh\u00f6he:<\/strong> ca. 1300m<br \/>\n<strong>Kaffeefarm:<\/strong> Cerro de Jes\u00fas, Peralta Family<br \/>\n<strong>Geschmacksprofil:<\/strong> Floral-fruchtig und saftig mit Noten von Lemon Tea, Jasmin, Kaffeebl\u00fcte<\/p>\n<p>[\/spb_text_block] [\/spb_column] [spb_single_image image=&#8220;15798&#8243; image_size=&#8220;full&#8220; frame=&#8220;noframe&#8220; intro_animation=&#8220;none&#8220; full_width=&#8220;no&#8220; lightbox=&#8220;no&#8220; link_target=&#8220;_self&#8220; width=&#8220;1\/1&#8243; el_position=&#8220;first last&#8220;] [spb_gmaps address=&#8220;Nueva Segovia, Nicaragua&#8220; size=&#8220;300&#8243; type=&#8220;roadmap&#8220; zoom=&#8220;6&#8243; saturation=&#8220;mono&#8220; pin_image=&#8220;12669&#8243; fullscreen=&#8220;no&#8220; width=&#8220;1\/1&#8243; el_position=&#8220;first last&#8220;] [blank_spacer height=&#8220;30px&#8220; width=&#8220;1\/1&#8243; el_position=&#8220;first last&#8220;] [spb_text_block pb_margin_bottom=&#8220;no&#8220; pb_border_bottom=&#8220;no&#8220; width=&#8220;1\/1&#8243; el_position=&#8220;first last&#8220;]<\/p>\n<p><strong><span style=\"font-size: 14pt;\">Direct Trade<\/span><\/strong><\/p>\n<p>Direkthandelsinitiativen investieren in den Aufbau der Kleinbauern und in Kooperativen vor Ort. Im Direkthandel wird den Kaffeebauern ein weit \u00fcber dem Markt \u00fcblicher Preis f\u00fcr hohe Kaffeequalit\u00e4t und spezielle Kaffeesorten bezahlt, der oft auch \u00fcber den Preisgarantien der Fair Trade-Zertifizierung liegt. Der Preis wird in der Regel mit den Produzenten pers\u00f6nlich und ohne Zwischenh\u00e4ndler (z.B. B\u00f6rse) ausgehandelt.<\/p>\n<p>Vom naturnahen und m\u00f6glichst gemeinschaftlichen Anbau, der manuellen Ernte (meist Picking), der sorgf\u00e4ltigen Verarbeitung und den Lebensbedingungen von Bauern und Erntehelfern \u00fcberzeugen sich unsere Importpartner regelm\u00e4\u00dfig selbst vor Ort. So sichern sie die R\u00fcckverfolgbarkeit bis zum Ursprung.<\/p>\n<p>&gt;&gt; <a title=\"WARUM DIRECT TRADE MEHR ALS FAIR IST\" href=\"https:\/\/www.hotroastedlove.de\/hrl\/warum-direct-trade\/\">Mehr zum Thema Direct Trade<\/a><\/p>\n<p>[\/spb_text_block] [blank_spacer height=&#8220;30px&#8220; width=&#8220;1\/1&#8243; el_position=&#8220;first last&#8220;]<\/p>\n","protected":false},"featured_media":26807,"template":"","meta":[],"product_cat":[20],"product_tag":[428,252,515,265,486,565,247,566],"_links":{"self":[{"href":"https:\/\/www.hotroastedlove.de\/hrl\/wp-json\/wp\/v2\/product\/21442"}],"collection":[{"href":"https:\/\/www.hotroastedlove.de\/hrl\/wp-json\/wp\/v2\/product"}],"about":[{"href":"https:\/\/www.hotroastedlove.de\/hrl\/wp-json\/wp\/v2\/types\/product"}],"wp:featuredmedia":[{"embeddable":true,"href":"https:\/\/www.hotroastedlove.de\/hrl\/wp-json\/wp\/v2\/media\/26807"}],"wp:attachment":[{"href":"https:\/\/www.hotroastedlove.de\/hrl\/wp-json\/wp\/v2\/media?parent=21442"}],"wp:term":[{"taxonomy":"product_cat","embeddable":true,"href":"https:\/\/www.hotroastedlove.de\/hrl\/wp-json\/wp\/v2\/product_cat?post=21442"},{"taxonomy":"product_tag","embeddable":true,"href":"https:\/\/www.hotroastedlove.de\/hrl\/wp-json\/wp\/v2\/product_tag?post=21442"}],"curies":[{"name":"wp","href":"https:\/\/api.w.org\/{rel}","templated":true}]}}