{"id":20634,"date":"2023-05-24T10:15:04","date_gmt":"2023-05-24T08:15:04","guid":{"rendered":"https:\/\/www.hotroastedlove.de\/hrl\/?post_type=product&#038;p=20634"},"modified":"2024-11-02T19:42:48","modified_gmt":"2024-11-02T18:42:48","slug":"fellow-ode-brew-grinder","status":"publish","type":"product","link":"https:\/\/www.hotroastedlove.de\/hrl\/produkt\/fellow-ode-brew-grinder\/","title":{"rendered":"FELLOW ODE BREW GRINDER GEN 2"},"content":{"rendered":"<p>[spb_column width=&#8220;1\/1&#8243; el_position=&#8220;first last&#8220;] [spb_text_block pb_margin_bottom=&#8220;no&#8220; pb_border_bottom=&#8220;no&#8220; width=&#8220;3\/4&#8243; el_position=&#8220;first last&#8220;]\n<p><strong><span style=\"font-size: 14pt;\">FELLOW ODE BREW GRINDER GEN 2<br \/>\n<\/span><\/strong><\/p>\n<p>Formsch\u00f6n, minimalistisch und mattschwarz, kommt die speziell f\u00fcr die Filterkaffeezubereitung entwickelte Single Dosing Kaffeem\u00fchle von Fellow daher.<\/p>\n<p>Der Ode Brew Grinder ist eine leistungsstarke und pr\u00e4zise und im Mahlvorgang sehr leise Kaffeem\u00fchle mit dem Fokus auf Filterzubereitung, aber auch durchaus geeignet f\u00fcr die AeroPress\u00ae- bis hin zur French-Press- und ColdBrew-Zubereitung.<\/p>\n<p>Mit ihrem 64-mm-Edelstahlmahlwerk in Profiqualit\u00e4t, 31 Mahlgradeinstellungen und einem 100g Hopper f\u00fcr Einzeldosierung, bekommst Du maximale Bohnenfrische in die Tasse. (Nat\u00fcrlich nur wenn die Kaffeebohnen ebenfalls frisch sind ;-))<\/p>\n<p>Leistungsstarker Motor mit PID-Feedback-Regelung, einfache Mahlgradeinstellung und Auto-Stopp-Funktion sind weitere coole und dezente Features des Ode Bew Grinders.<\/p>\n<p>Der Totraum der M\u00fchle ist extrem klein bzw. fast nicht vorhanden, zudem besitzt die M\u00fchle einen seitlichen Knocker &#8211; wie bei gr\u00f6\u00dferen M\u00fchlen f\u00fcr den kommerzeillen Bereich &#8211; der zusammen mit dem eingebauten Antistatiksystem auch den kleinsten Rest gemahlenen Kaffees in den Edelstahl-Auffangbeh\u00e4lter bef\u00f6rdert.<\/p>\n<p>Kleine Br\u00fchempfehlung f\u00fcr 20g Kaffee auf 300ml Wasser:<\/p>\n<p>0.00 &#8211; 0:30 = 30g Wasser (Circle), dann 70g (Center)<br \/>\n1:00 &#8211; 1:30 = 30g Wasser (Circle), dann 70g (Center)<br \/>\n1.30 &#8211; 2:00 = 30g Wasser (Circle), dann 70g (Center)<\/p>\n<p>Total Brewtime: ca. 2:30<\/p>\n<p><strong>Features der GEN 2:<\/strong><br \/>\nNeue Gen 2 Brew Burrs<br \/>\nNeue Antistatik-Technologie<br \/>\nNeue 100-Gramm-Kapazit\u00e4t<br \/>\nNeues Design des Einf\u00fcllbeh\u00e4lters f\u00fcr eine reibungslosere Bohnenzufuhr<br \/>\n31 Mahlgradeinstellungen und Anleitung<br \/>\nGer\u00e4uscharmes Mahlen und automatische Abschaltung<br \/>\nEinzeldosierung f\u00fcr maximale Frische<br \/>\nGeringe Mahlgutr\u00fcckhaltung<br \/>\nMagnetisch ausgerichteter Verschluss mit einfachen Ausgie\u00dfrippen<br \/>\nMahlgut-Knocker<br \/>\nKompakte Stellfl\u00e4che<\/p>\n<p>&nbsp;<\/p>\n[\/spb_text_block] [\/spb_column]<\/p>\n","protected":false},"excerpt":{"rendered":"<p>[spb_column width=&#8220;1\/2&#8243; el_position=&#8220;first&#8220;] [spb_text_block pb_margin_bottom=&#8220;no&#8220; pb_border_bottom=&#8220;no&#8220; width=&#8220;1\/1&#8243; el_position=&#8220;first last&#8220;]<\/p>\n<p><strong><span style=\"font-size: 14pt;\">Fellow Stagg Pour Over Black Kettle<br \/>\n<\/span><\/strong><\/p>\n<p>Formsch\u00f6n, mattschwarz und mit zwei richtig coolen Features kommt der Stagg Hei\u00dfwassserbereiter von Fellow daher.<\/p>\n<p>Mit einem Thermometer im Deckel zeigt er dir an, wann das Wasser die richtige Temperatur f\u00fcr die Kaffeezubereitung erreicht hat.<br \/>\nZudem hat der Kessel ein zus\u00e4tzliches Gewicht im Griff versteckt und bietet so eine bessere Balance &#8211; super geeignet zum langsamen und gleichm\u00e4\u00dfigen gie\u00dfen.<\/p>\n<p>Der Fellow Stagg Kettle ist noch nicht so lange am Markt, hat aber in der Spezialt\u00e4tenkaffee-Szene schon eine breite Fangemeinde.<\/p>\n<p><a title=\"Instructions and Safety Guide\" href=\"http:\/\/fellowproducts.com\/wp-content\/uploads\/2016\/08\/NOTFORPRINTStagg1.3_Warnings_OLV6.pdf\" target=\"_blank\" rel=\"noopener noreferrer\">Instructions and Safety Guide<\/a><a title=\"Youtube Video Baratza Encore vs. Baratza Virtuoso\" href=\"http:\/\/youtu.be\/UnuVTLzjzmg\" target=\"_blank\" rel=\"noopener noreferrer\"><br \/>\n<\/a><\/p>\n<p>[\/spb_text_block] [\/spb_column] [spb_column width=&#8220;1\/2&#8243; el_position=&#8220;last&#8220;] [blank_spacer height=&#8220;30px&#8220; width=&#8220;1\/1&#8243; el_position=&#8220;first last&#8220;] [spb_video link=&#8220;https:\/\/youtu.be\/bjuIvcfNK-c?t=1m46s&#8220; full_width=&#8220;no&#8220; width=&#8220;1\/1&#8243; el_position=&#8220;first last&#8220;] [spb_text_block pb_margin_bottom=&#8220;no&#8220; pb_border_bottom=&#8220;no&#8220; width=&#8220;1\/1&#8243; el_position=&#8220;first last&#8220;]<\/p>\n<p>Video credits to <em>Eight Ounce Coffee<\/em><\/p>\n<p>[\/spb_text_block] [\/spb_column]<\/p>\n","protected":false},"featured_media":23739,"template":"","meta":[],"product_cat":[194],"product_tag":[781,511,902,255,780,244],"_links":{"self":[{"href":"https:\/\/www.hotroastedlove.de\/hrl\/wp-json\/wp\/v2\/product\/20634"}],"collection":[{"href":"https:\/\/www.hotroastedlove.de\/hrl\/wp-json\/wp\/v2\/product"}],"about":[{"href":"https:\/\/www.hotroastedlove.de\/hrl\/wp-json\/wp\/v2\/types\/product"}],"wp:featuredmedia":[{"embeddable":true,"href":"https:\/\/www.hotroastedlove.de\/hrl\/wp-json\/wp\/v2\/media\/23739"}],"wp:attachment":[{"href":"https:\/\/www.hotroastedlove.de\/hrl\/wp-json\/wp\/v2\/media?parent=20634"}],"wp:term":[{"taxonomy":"product_cat","embeddable":true,"href":"https:\/\/www.hotroastedlove.de\/hrl\/wp-json\/wp\/v2\/product_cat?post=20634"},{"taxonomy":"product_tag","embeddable":true,"href":"https:\/\/www.hotroastedlove.de\/hrl\/wp-json\/wp\/v2\/product_tag?post=20634"}],"curies":[{"name":"wp","href":"https:\/\/api.w.org\/{rel}","templated":true}]}}