{"id":13833,"date":"2016-01-07T10:58:36","date_gmt":"2016-01-07T09:58:36","guid":{"rendered":"http:\/\/www.hotroastedlove.de\/hrl\/produkt\/stoevchen-aus-hartholz\/"},"modified":"2026-04-11T09:28:35","modified_gmt":"2026-04-11T07:28:35","slug":"stoevchen-aus-hartholz","status":"publish","type":"product","link":"https:\/\/www.hotroastedlove.de\/hrl\/produkt\/stoevchen-aus-hartholz\/","title":{"rendered":"ST\u00d6VCHEN AUS HARTHOLZ"},"content":{"rendered":"<p>[spb_column width=&#8220;3\/4&#8243; el_position=&#8220;first last&#8220;] [spb_text_block pb_margin_bottom=&#8220;no&#8220; pb_border_bottom=&#8220;no&#8220; width=&#8220;1\/1&#8243; el_position=&#8220;first last&#8220;]\n<h3><strong><span style=\"font-size: 14pt;\">St\u00f6vchen aus Hartholz<br \/>\n<\/span><\/strong><\/h3>\n<p>Du hast z. B. mit der gro\u00dfen Chemex oder der Karlsbader Kanne mehr als nur eine Tasse Kaffee gemacht und m\u00f6chtest das feine Ges\u00f6ff (kurzfristig) warmhalten?<\/p>\n<p>Da haben wir jetzt ein \u00e4u\u00dferst stilvolles St\u00f6vchen f\u00fcr Dich!<\/p>\n<p>Design und Herstellung<br \/>\nKONRAD HORSCH<\/p>\n<p>Aus einem St\u00fcck Hartholz gearbeitet. Bei Nussbaum handelt es sich um das dunklere und bei Eiche um das hellere Holz.\u00a0 Oberfl\u00e4che gehobelt, geschliffen und ge\u00f6lt. Das St\u00f6vchen in Charcoal wurde extra im Feuer angebrannt und bekommt dadurch einen \u00e4u\u00dferst interessanten Look.<\/p>\n<p><strong>Wichtig:<\/strong> Die St\u00f6vchen d\u00fcrfen nur mit einem Standard- und nicht mit einem Maxi-Teelicht verwendet werden!<\/p>\n<p>Abmessung (LxBxH) ca. 15 x 15 x 5,5cm.<br \/>\nGefertigt in Deutschland.<\/p>\n[\/spb_text_block] [\/spb_column]<\/p>\n","protected":false},"excerpt":{"rendered":"<p>[spb_column width=&#8220;3\/4&#8243; el_position=&#8220;first last&#8220;] [spb_text_block pb_margin_bottom=&#8220;no&#8220; pb_border_bottom=&#8220;no&#8220; width=&#8220;1\/1&#8243; el_position=&#8220;first last&#8220;]<\/p>\n<h3><strong><span style=\"font-size: 14pt;\">St\u00f6vchen aus Hartholz<br \/>\n<\/span><\/strong><\/h3>\n<p>Du hast z. B. mit der gro\u00dfen Chemex oder der Karlsbader Kanne mehr als nur eine Tasse Kaffee gemacht und m\u00f6chtest das feine Ges\u00f6ff (kurzfristig) warmhalten?<\/p>\n<p>Da haben wir jetzt ein \u00e4u\u00dferst stilvolles St\u00f6vchen f\u00fcr Dich!<\/p>\n<p>Design und Herstellung<br \/>\nKONRAD HORSCH<\/p>\n<p>Aus einem St\u00fcck Hartholz (Nussbaum oder Eiche) gearbeitet. Oberfl\u00e4che gehobelt, geschliffen und ge\u00f6lt.<br \/>\n<strong>Wichtig:<\/strong> Die St\u00f6vchen d\u00fcrfen nur mit einem Standard- und nicht mit einem Maxi-Teelicht verwendet werden!<\/p>\n<p>Abmessung (LxBxH) ca. 15 x 15 x 5,5cm.<br \/>\nGefertigt in Deutschland.<\/p>\n<p><strong>Zus\u00e4tzliche Information:<\/strong> Bei der Auswahl &#8222;2. Wahl (Wilde St\u00f6vchen)&#8220; hat das Holz i. d. R. sehr charakervolle Einschl\u00fcsse, Astl\u00f6cher oder kleine Holzwurml\u00f6cher.<\/p>\n<p>[\/spb_text_block] [\/spb_column]<\/p>\n","protected":false},"featured_media":13836,"template":"","meta":[],"product_cat":[194],"product_tag":[373,368,369,615,372,370,371],"_links":{"self":[{"href":"https:\/\/www.hotroastedlove.de\/hrl\/wp-json\/wp\/v2\/product\/13833"}],"collection":[{"href":"https:\/\/www.hotroastedlove.de\/hrl\/wp-json\/wp\/v2\/product"}],"about":[{"href":"https:\/\/www.hotroastedlove.de\/hrl\/wp-json\/wp\/v2\/types\/product"}],"wp:featuredmedia":[{"embeddable":true,"href":"https:\/\/www.hotroastedlove.de\/hrl\/wp-json\/wp\/v2\/media\/13836"}],"wp:attachment":[{"href":"https:\/\/www.hotroastedlove.de\/hrl\/wp-json\/wp\/v2\/media?parent=13833"}],"wp:term":[{"taxonomy":"product_cat","embeddable":true,"href":"https:\/\/www.hotroastedlove.de\/hrl\/wp-json\/wp\/v2\/product_cat?post=13833"},{"taxonomy":"product_tag","embeddable":true,"href":"https:\/\/www.hotroastedlove.de\/hrl\/wp-json\/wp\/v2\/product_tag?post=13833"}],"curies":[{"name":"wp","href":"https:\/\/api.w.org\/{rel}","templated":true}]}}